10 + 10011101000000?
11011011100110
In base 8, what is -1447326677 - 0?
-1447326677
In base 16, what is -41df - -ff9?
-31e6
In base 7, what is -6334446 + -530?
-6335306
In base 13, what is 20 + -101320?
-101300
In base 10, what is 48600788 - 6?
48600782
In base 6, what is -4334204141 - -2?
-4334204135
In base 11, what is 64a - -1682?
2221
In base 7, what is 2 - 4064531616?
-4064531614
In base 5, what is 2100204 - 23002?
2022202
In base 3, what is 211122211 - -10111000010?
11022122221
In base 12, what is -77ab3ba + 4?
-77ab3b6
In base 6, what is 0 - -150310044?
150310044
In base 8, what is -1647043 - 501?
-1647544
In base 11, what is -a36a3a27 + 2?
-a36a3a25
In base 3, what is 1122 - 1220202022101020?
-1220202022022121
In base 13, what is ac5b62 + 4?
ac5b66
In base 9, what is 830 + -13853?
-13023
In base 4, what is 13332 + 11323101?
12003033
In base 13, what is -2212b492 - -8?
-2212b487
In base 7, what is -416 + 5416110?
5415361
In base 6, what is -25133214501 - -1?
-25133214500
In base 5, what is 440022341 - -10143?
440033034
In base 13, what is -419 + -25ca0?
-263b9
In base 10, what is 334622 - 55?
334567
In base 2, what is -10001000 + -11111010010000010?
-11111010100001010
In base 10, what is 16 - 268745?
-268729
In base 4, what is -313133 + -2311?
-322110
In base 9, what is -5 - 52886513?
-52886518
In base 2, what is -110 + -1101001110010110011?
-1101001110010111001
In base 13, what is -67 + -10b29?
-10b93
In base 6, what is -422401531 + 4?
-422401523
In base 3, what is 20121 + -2122111121022?
-2122111100201
In base 14, what is -2 - -c72478?
c72476
In base 12, what is 296b - 20?
294b
In base 7, what is 3225106436 - 0?
3225106436
In base 16, what is -38042e + 11?
-38041d
In base 15, what is 63ca + 10?
63da
In base 4, what is -23330231 - 312233?
-30303130
In base 11, what is -58a00 + 122?
-58889
In base 11, what is 450 + 47290?
47730
In base 7, what is 114236 - 103545?
10361
In base 8, what is -435527 - -134?
-435373
In base 15, what is -677dd0 + -4?
-677dd4
In base 14, what is a + -518606?
-5185da
In base 9, what is 267444 + 264?
267718
In base 5, what is 213013114 + -32?
213013032
In base 10, what is -36 - -135248?
135212
In base 10, what is 3 + -160478898?
-160478895
In base 12, what is -683a452 - -12?
-683a440
In base 4, what is -3 + 3101123202?
3101123133
In base 14, what is -748c77b + 0?
-748c77b
In base 9, what is 776524 + -131?
776383
In base 16, what is -722 - -6cc2?
65a0
In base 6, what is 1 - -203031251?
203031252
In base 11, what is -35658253 + 1?
-35658252
In base 4, what is 1 - 1002023222010?
-1002023222003
In base 2, what is -11100000100 + -10000000101010?
-10011100101110
In base 4, what is -2123121200201 + -11?
-2123121200212
In base 8, what is -117 - 134574?
-134713
In base 4, what is -112120200220200 + 10?
-112120200220130
In base 9, what is 131 - 135764?
-135633
In base 3, what is -2212 - -1012210221222?
1012210212010
In base 6, what is -15015341 + 1021?
-15014320
In base 7, what is 502064264 - -6?
502064303
In base 11, what is 28 + -411447?
-41141a
In base 6, what is 12 + 200301024?
200301040
In base 7, what is -2 - -55302341?
55302336
In base 12, what is 314871 - 74?
3147b9
In base 7, what is 34 + -11134143?
-11134106
In base 3, what is 2222212021 + 110001?
10000022022
In base 6, what is 12351 + 13155?
25550
In base 9, what is -351867 + 14?
-351853
In base 5, what is 40214201 - -2242?
40221443
In base 11, what is -a9401a - 28?
-a94047
In base 14, what is 352b450 + -6?
352b448
In base 15, what is 0 + 6c776d1?
6c776d1
In base 14, what is -4b76d + -6d?
-4b7dc
In base 2, what is 1010000011010111011000101110 - -1010?
1010000011010111011000111000
In base 5, what is 1130 - -43040300?
43041430
In base 5, what is -10 - 2440122122?
-2440122132
In base 3, what is -201101210022201202 - -12?
-201101210022201120
In base 6, what is -30301 - 155224?
-225525
In base 10, what is -3 + 9169614?
9169611
In base 14, what is 3541c0a + 3?
3541c0d
In base 3, what is -20 + -2010022011102?
-2010022011122
In base 13, what is 18591b + -a8?
185843
In base 8, what is -214 + 514522?
514306
In base 7, what is 203 - 304204?
-304001
In base 12, what is -a0b4 - -30bb?
-6bb5
In base 5, what is 410444224 - -1?
410444230
In base 15, what is -164 - -2a8a?
2926
In base 10, what is -3794 + -2716?
-6510
In base 16, what is -3 + f004f1?
f004ee
In base 2, what is 10000 - -11000110111001001101001000?
11000110111001001101011000
In base 14, what is c2d57 - -b?
c2d64
In base 3, what is -12 - -200202211101122?
200202211101110
In base 8, what is 1355641 + 1502?
1357343
In base 7, what is 10 + -12364556?
-12364546
In base 4, what is 130312 + -1311330330?
-1311200012
In base 9, what is 47 - -3874218?
3874266
In base 11, what is 217887a + 7?
2178886
In base 8, what is -11607761600 - -5?
-11607761573
In base 3, what is -21020 - -221111201?
221020111
In base 10, what is 174 - -55734?
55908
In base 5, what is -103033 + 413410?
310322
In base 12, what is -44 + 164a270?
164a228
In base 12, what is 102a0398 + 30?
102a0408
In base 5, what is -4213 + -410321?
-420034
In base 16, what is -2 + -12af8a?
-12af8c
In base 12, what is -2 + -96a438?
-96a43a
In base 13, what is a3122a5 + -3?
a3122a2
In base 9, what is 1867 + -106065?
-104087
In base 13, what is 4 - -3ba12418?
3ba1241c
In base 2, what is -1101010011101 + 1111100000100111?
1101110110001010
In base 9, what is -1 - -7413364?
7413363
In base 2, what is 1001010111100111000011 + -1000101000?
1001010111011110011011
In base 2, what is 111001000011010100001 - -100111?
111001000011011001000
In base 4, what is -1012003332 - -1023?
-1012002303
In base 2, what is 10 + 1111111101101110?
1111111101110000
In base 5, what is 123314234104 - 10?
123314234044
In base 16, what is -3a39f8 + -7?
-3a39ff
In base 4, what is -203313 - 123303130?
-130113103
In base 9, what is -3686 + 155618?
151822
In base 12, what is 19 + 12371bb1?
1237200a
In base 7, what is -112 + -124442235?
-124442350
In base 7, what is -111255 - 45055?
-156343
In base 7, what is 2 - 4366514?
-4366512
In base 2, what is 1001001110110100110101 + -1000011?
1001001110110011110010
In base 12, what is 989 + 3193?
3b60
In base 10, what is -517380 - 178?
-517558
In base 14, what is 3b4 - -1313?
16c7
In base 8, what is 3 + 1060545?
1060550
In base 10, what is 7 + -19080703?
-19080696
In base 12, what is -86 + -2189ab5?
-2189b7b
In base 2, what is 1010000001101110000101101 - 1?
1010000001101110000101100
In base 7, what is 21661350125 + 0?
21661350125
In base 6, what is -1 - -3351214513?
3351214512
In base 2, what is -1010000011110011 - -100111011?
-1001111110111000
In base 10, what is -3 + 75542692?
75542689
In base 10, what is 1 + 63510421?
63510422
In base 4, what is 101311101122 + -10?
101311101112
In base 7, what is 1142640316 + 14?
1142640333
In base 4, what is -201212323131311 - -3?
-201212323131302
In base 16, what is 203 + -9b5e?
-995b
In base 11, what is -13358733 - -3?
-13358730
In base 12, what is 44 - -1840a4?
184128
In base 6, what is -55 - 124252144?
-124252243
In base 2, what is -1001000101100110110001001 + -11?
-1001000101100110110001100
In base 15, what is 3102822 + -5?
310281c
In base 8, what is 1141105 - 6?
1141077
In base 7, what is 33263 + 205?
33501
In base 5, what is 31 + -340021121?
-340021040
In base 11, what is -4 - -15384a34?
15384a30
In base 14, what is 36a4867 - 4?
36a4863
In base 14, what is 9 + 9dc0a5?
9dc0b0
In base 16, what is c6b - -ffc?
1c67
In base 4, what is -1030210233232 - -11?
-1030210233221
In base 10, what is 0 - 2427455?
-2427455
In base 5, what is 34012143144 + -20?
34012143124
In base 7, what is -13340 + 361533?
345163
In base 16, what is 38943b - 15?
389426
In base 11, what is -1 + 6983a501?
6983a500
In base 2, what is -100 - 10111100100110110111010?
-10111100100110110111110
In base 2, what is 110011000011111001001 - -11?
110011000011111001100
In base 3, what is 110101100202 + 20202?
110101121111
In base 5, what is 310322141 - 10?
310322131
In base 2, what is -110001110000111000001110 + -101?
-110001110000111000010011
In base 2, what is 100001110110 - -1011000001100000?
1011100011010110
In base 15, what is -473c + -a247?
-e984
In base 15, what is -5 + -cae463a?
-cae4640
In base 6, what is 414230 - 311215?
103011
In base 5, what is -44 - -2